{"id":18,"date":"2018-08-03T07:31:44","date_gmt":"2018-08-03T07:31:44","guid":{"rendered":"http:\/\/www.lukeslegal.cz\/?page_id=18"},"modified":"2018-11-03T17:05:46","modified_gmt":"2018-11-03T17:05:46","slug":"kontakt","status":"publish","type":"page","link":"https:\/\/www.lukeslegal.cz\/index.php\/kontakt\/","title":{"rendered":"Kontakt"},"content":{"rendered":"<p><span style=\"color: #284995;\"><strong>P\u0159ipojte se k \u0159ad\u00e1m na\u0161ich spokojen\u00fdch klient\u016f a nev\u00e1hejte n\u00e1s kontaktovat.<\/strong><\/span><!--more--><\/p>\n<p><img loading=\"lazy\" class=\"alignleft wp-image-487\" src=\"http:\/\/www.lukeslegal.cz\/wp-content\/uploads\/2018\/08\/JL_logo_do-kontaktu-300x250.png\" alt=\"\" width=\"180\" height=\"150\" srcset=\"https:\/\/www.lukeslegal.cz\/wp-content\/uploads\/2018\/08\/JL_logo_do-kontaktu-300x250.png 300w, https:\/\/www.lukeslegal.cz\/wp-content\/uploads\/2018\/08\/JL_logo_do-kontaktu-231x192.png 231w, https:\/\/www.lukeslegal.cz\/wp-content\/uploads\/2018\/08\/JL_logo_do-kontaktu.png 400w\" sizes=\"(max-width: 180px) 100vw, 180px\" \/><\/p>\n<p>&nbsp;<\/p>\n<p>&nbsp;<\/p>\n<p>&nbsp;<\/p>\n<p>&nbsp;<\/p>\n<p>Hybernsk\u00e1 1007\/20<br \/>\n110 00 Praha 1<br \/>\n\u010cesk\u00e1 republika<\/p>\n<p>&nbsp;<\/p>\n<div id=\"wpgmza_map\" data-settings='{\"id\":\"1\",\"map_title\":\"My first map\",\"map_width\":\"100\",\"map_height\":\"600\",\"map_start_lat\":\"50.087083\",\"map_start_lng\":\"14.433304\",\"map_start_location\":\"50.08708280498183,14.433303563507085\",\"map_start_zoom\":\"17\",\"default_marker\":\"0\",\"type\":\"1\",\"alignment\":\"1\",\"directions_enabled\":\"1\",\"styling_enabled\":\"0\",\"styling_json\":\"\",\"active\":\"0\",\"kml\":\"\",\"bicycle\":\"2\",\"traffic\":\"2\",\"dbox\":\"1\",\"dbox_width\":\"100\",\"listmarkers\":\"0\",\"listmarkers_advanced\":\"0\",\"filterbycat\":\"0\",\"ugm_enabled\":\"0\",\"ugm_category_enabled\":\"0\",\"fusion\":\"\",\"map_width_type\":\"\\\\%\",\"map_height_type\":\"px\",\"mass_marker_support\":\"1\",\"ugm_access\":\"0\",\"order_markers_by\":\"1\",\"order_markers_choice\":\"2\",\"show_user_location\":\"0\",\"default_to\":\"\",\"other_settings\":{\"store_locator_enabled\":2,\"store_locator_distance\":2,\"store_locator_default_radius\":\"10\",\"store_locator_not_found_message\":\"No results found in this location. Please try again.\",\"store_locator_bounce\":1,\"store_locator_query_string\":\"ZIP \\\/ Address:\",\"store_locator_default_address\":\"\",\"wpgmza_store_locator_restrict\":\"cz\",\"store_locator_style\":\"modern\",\"wpgmza_store_locator_radius_style\":\"modern\",\"map_max_zoom\":\"1\",\"transport_layer\":2,\"wpgmza_show_points_of_interest\":0}}' data-shortcode-attributes='{\"id\":\"1\"}' style=\"display:block; overflow:auto; width:100%; height:600px; float:left;\"><\/div>\n<p>&nbsp;<\/p>\n<p>Tel.: \u00a0\u00a0\u00a0\u00a0\u00a0 +420 234 095 753, +420 602 360 176<br \/>\nFax: \u00a0\u00a0\u00a0\u00a0\u00a0 +420 234 095 763<\/p>\n<p>e-mail:\u00a0 <span style=\"color: #284995;\"><a style=\"color: #284995;\" href=\"mailto:office@lukeslegal.cz\">office@lukeslegal.cz<\/a><\/span><\/p>\n<p><span style=\"color: #284995;\"><a style=\"color: #284995;\" href=\"http:\/\/www.linkedin.com\/in\/jan-lukes-250aab39\">LinkedIn<\/a><\/span><\/p>\n<p>z\u00e1pis v \u010cAK 09562<\/p>\n<p>&nbsp;<\/p>\n<p>&nbsp;<\/p>\n","protected":false},"excerpt":{"rendered":"<p>P\u0159ipojte se k \u0159ad\u00e1m na\u0161ich spokojen\u00fdch klient\u016f a nev\u00e1hejte n\u00e1s kontaktovat.<\/p>\n","protected":false},"author":1,"featured_media":583,"parent":0,"menu_order":0,"comment_status":"closed","ping_status":"closed","template":"page-templates\/full-width-page.php","meta":[],"yst_prominent_words":[],"_links":{"self":[{"href":"https:\/\/www.lukeslegal.cz\/index.php\/wp-json\/wp\/v2\/pages\/18"}],"collection":[{"href":"https:\/\/www.lukeslegal.cz\/index.php\/wp-json\/wp\/v2\/pages"}],"about":[{"href":"https:\/\/www.lukeslegal.cz\/index.php\/wp-json\/wp\/v2\/types\/page"}],"author":[{"embeddable":true,"href":"https:\/\/www.lukeslegal.cz\/index.php\/wp-json\/wp\/v2\/users\/1"}],"replies":[{"embeddable":true,"href":"https:\/\/www.lukeslegal.cz\/index.php\/wp-json\/wp\/v2\/comments?post=18"}],"version-history":[{"count":24,"href":"https:\/\/www.lukeslegal.cz\/index.php\/wp-json\/wp\/v2\/pages\/18\/revisions"}],"predecessor-version":[{"id":489,"href":"https:\/\/www.lukeslegal.cz\/index.php\/wp-json\/wp\/v2\/pages\/18\/revisions\/489"}],"wp:featuredmedia":[{"embeddable":true,"href":"https:\/\/www.lukeslegal.cz\/index.php\/wp-json\/wp\/v2\/media\/583"}],"wp:attachment":[{"href":"https:\/\/www.lukeslegal.cz\/index.php\/wp-json\/wp\/v2\/media?parent=18"}],"wp:term":[{"taxonomy":"yst_prominent_words","embeddable":true,"href":"https:\/\/www.lukeslegal.cz\/index.php\/wp-json\/wp\/v2\/yst_prominent_words?post=18"}],"curies":[{"name":"wp","href":"https:\/\/api.w.org\/{rel}","templated":true}]}}