{"id":51,"date":"2018-08-04T17:28:00","date_gmt":"2018-08-04T17:28:00","guid":{"rendered":"http:\/\/www.lukeslegal.cz\/?page_id=51"},"modified":"2018-11-07T16:22:26","modified_gmt":"2018-11-07T16:22:26","slug":"vitejte","status":"publish","type":"page","link":"https:\/\/www.lukeslegal.cz\/","title":{"rendered":"\u00davodn\u00ed str\u00e1nka"},"content":{"rendered":"<p>Na\u0161e advok\u00e1tn\u00ed kancel\u00e1\u0159 byla zalo\u017eena JUDr. Janem Luke\u0161em, Ph.D. Poskytujeme pr\u00e1vn\u00ed slu\u017eby v oblasti obchodn\u00edho a ob\u010dansk\u00e9ho pr\u00e1va na nejvy\u0161\u0161\u00ed odborn\u00e9 \u00farovni ji\u017e od roku 2003.<\/p>\n<p>&nbsp;<\/p>\n<p style=\"text-align: center;\"><img loading=\"lazy\" class=\"alignnone size-full wp-image-238\" src=\"http:\/\/www.lukeslegal.cz\/wp-content\/uploads\/2018\/08\/JL_logo_negativ_ploche.png\" alt=\"\" width=\"235\" height=\"155\" \/><\/p>\n<p>&nbsp;<\/p>\n<p>P\u0159i pr\u00e1vn\u00edm zastoupen\u00ed klient\u016f zohled\u0148ujeme jejich specifick\u00e9 pot\u0159eby. Na\u0161i advok\u00e1ti kladou d\u016fraz na ve\u0161ker\u00e9 str\u00e1nky zaji\u0161\u0165ovan\u00e9 pr\u00e1vn\u00ed z\u00e1le\u017eitosti. Poskytujeme pr\u00e1vn\u00ed poradenstv\u00ed zejm\u00e9na v oblastech t\u00fdkaj\u00edc\u00edch se <a href=\"https:\/\/www.lukeslegal.cz\/index.php\/nase-sluzby\/korporacni-pravo\/\">pr\u00e1va obchodn\u00edch spole\u010dnost\u00ed<\/a>, <a href=\"https:\/\/www.lukeslegal.cz\/index.php\/nase-sluzby\/smluvni-vztahy\/\">p\u0159\u00edpravy smluv<\/a>, <a href=\"https:\/\/www.lukeslegal.cz\/index.php\/nase-sluzby\/dusevni-vlastnictvi-a-it\/\">pr\u00e1va informa\u010dn\u00edch technologi\u00ed a du\u0161evn\u00edho vlastnictv\u00ed<\/a>, <a href=\"https:\/\/www.lukeslegal.cz\/index.php\/nase-sluzby\/pracovni-pravo\/\">pracovn\u00edho pr\u00e1va<\/a>, <a href=\"https:\/\/www.lukeslegal.cz\/index.php\/nase-sluzby\/vymahani-pohledavek\/\">spor\u016f<\/a>, <a href=\"https:\/\/www.lukeslegal.cz\/index.php\/nase-sluzby\/nemovitosti\/\">nemovitost\u00ed<\/a>, <a href=\"https:\/\/www.lukeslegal.cz\/index.php\/nase-sluzby\/verejne-zakazky\/\">ve\u0159ejn\u00fdch zak\u00e1zek<\/a> a <a href=\"https:\/\/www.lukeslegal.cz\/index.php\/nase-sluzby\/hospodarska-soutez\/\">hospod\u00e1\u0159sk\u00e9 sout\u011b\u017ee<\/a>.<\/p>\n<p>Jsme nejen pr\u00e1vn\u00edci, ale jsme tak\u00e9 partnery na\u0161ich z\u00e1kazn\u00edk\u016f ve zvl\u00e1d\u00e1n\u00ed n\u00e1ro\u010dn\u00fdch situac\u00ed, spor\u016f a projekt\u016f.<\/p>\n<p><em>&#8222;Probl\u00e9my \u0159e\u0161it, ne jen hledat.&#8220;<\/em><\/p>\n<p><a href=\"https:\/\/www.lukeslegal.com\/\">English<\/a><\/p>\n","protected":false},"excerpt":{"rendered":"<p>Na\u0161e advok\u00e1tn\u00ed kancel\u00e1\u0159 byla zalo\u017eena JUDr. Janem Luke\u0161em, Ph.D. Poskytujeme pr\u00e1vn\u00ed slu\u017eby v oblasti obchodn\u00edho a ob\u010dansk\u00e9ho pr\u00e1va na nejvy\u0161\u0161\u00ed odborn\u00e9 \u00farovni ji\u017e od roku 2003. &nbsp; &nbsp; P\u0159i pr\u00e1vn\u00edm zastoupen\u00ed klient\u016f zohled\u0148ujeme jejich specifick\u00e9 pot\u0159eby. Na\u0161i advok\u00e1ti kladou d\u016fraz na ve\u0161ker\u00e9 str\u00e1nky zaji\u0161\u0165ovan\u00e9 pr\u00e1vn\u00ed z\u00e1le\u017eitosti. Poskytujeme pr\u00e1vn\u00ed poradenstv\u00ed zejm\u00e9na v oblastech t\u00fdkaj\u00edc\u00edch se pr\u00e1va &hellip; <a href=\"https:\/\/www.lukeslegal.cz\/\" class=\"more-link\">Continue reading <span class=\"screen-reader-text\">\u00davodn\u00ed str\u00e1nka<\/span><\/a><\/p>\n","protected":false},"author":1,"featured_media":591,"parent":2,"menu_order":0,"comment_status":"closed","ping_status":"closed","template":"page-templates\/front-page.php","meta":[],"yst_prominent_words":[],"_links":{"self":[{"href":"https:\/\/www.lukeslegal.cz\/index.php\/wp-json\/wp\/v2\/pages\/51"}],"collection":[{"href":"https:\/\/www.lukeslegal.cz\/index.php\/wp-json\/wp\/v2\/pages"}],"about":[{"href":"https:\/\/www.lukeslegal.cz\/index.php\/wp-json\/wp\/v2\/types\/page"}],"author":[{"embeddable":true,"href":"https:\/\/www.lukeslegal.cz\/index.php\/wp-json\/wp\/v2\/users\/1"}],"replies":[{"embeddable":true,"href":"https:\/\/www.lukeslegal.cz\/index.php\/wp-json\/wp\/v2\/comments?post=51"}],"version-history":[{"count":31,"href":"https:\/\/www.lukeslegal.cz\/index.php\/wp-json\/wp\/v2\/pages\/51\/revisions"}],"predecessor-version":[{"id":624,"href":"https:\/\/www.lukeslegal.cz\/index.php\/wp-json\/wp\/v2\/pages\/51\/revisions\/624"}],"up":[{"embeddable":true,"href":"https:\/\/www.lukeslegal.cz\/index.php\/wp-json\/wp\/v2\/pages\/2"}],"wp:featuredmedia":[{"embeddable":true,"href":"https:\/\/www.lukeslegal.cz\/index.php\/wp-json\/wp\/v2\/media\/591"}],"wp:attachment":[{"href":"https:\/\/www.lukeslegal.cz\/index.php\/wp-json\/wp\/v2\/media?parent=51"}],"wp:term":[{"taxonomy":"yst_prominent_words","embeddable":true,"href":"https:\/\/www.lukeslegal.cz\/index.php\/wp-json\/wp\/v2\/yst_prominent_words?post=51"}],"curies":[{"name":"wp","href":"https:\/\/api.w.org\/{rel}","templated":true}]}}