{"id":73,"date":"2018-08-05T08:52:23","date_gmt":"2018-08-05T08:52:23","guid":{"rendered":"http:\/\/www.lukeslegal.cz\/?page_id=73"},"modified":"2018-11-22T08:55:26","modified_gmt":"2018-11-22T08:55:26","slug":"verejne-zakazky","status":"publish","type":"page","link":"https:\/\/www.lukeslegal.cz\/index.php\/nase-sluzby\/verejne-zakazky\/","title":{"rendered":"Ve\u0159ejn\u00e9 zak\u00e1zky"},"content":{"rendered":"<p>Poradenstv\u00ed ve v\u011bci zad\u00e1vac\u00edch \u0159\u00edzen\u00edch podle z\u00e1kona o zad\u00e1v\u00e1n\u00ed ve\u0159ejn\u00fdch zak\u00e1zek pro zadavatele i dodavatele.<\/p>\n<p><!--more--><\/p>\n<p><span style=\"font-family: 'Noto Sans', sans-serif; font-size: 16px; font-style: normal; font-weight: 400;\"><span style=\"font-family: 'Noto Sans', sans-serif; font-size: 16px; font-style: normal; font-weight: 400;\">Nev\u00edte si rady s\u00a0p\u0159\u00edpravou nab\u00eddky do zad\u00e1vac\u00edho \u0159\u00edzen\u00ed nebo s\u00a0p\u0159\u00edpravou podklad\u016f pro zad\u00e1vac\u00ed \u0159\u00edzen\u00ed? Kontaktujte n\u00e1s a my se postar\u00e1me, aby v\u0161echny podm\u00ednky zad\u00e1vac\u00edho \u0159\u00edzen\u00ed byly spln\u011bny.\u00a0<\/span>Nebyli jste v\u00a0zad\u00e1vac\u00edm \u0159\u00edzen\u00ed \u00fasp\u011b\u0161n\u00ed? Odborn\u011b posoud\u00edme, zda V\u00e1\u0161 ne\u00fasp\u011bch nen\u00ed d\u016fsledkem chyby v\u00a0zad\u00e1vac\u00edm \u0159\u00edzen\u00ed nebo nespr\u00e1vn\u00e9ho postupu zadavatele.<\/span><\/p>\n<p><span style=\"color: #284995;\">Pr\u00e1vn\u00ed slu\u017eby v t\u00e9to oblasti zahrnuj\u00ed zejm\u00e9na:<\/span><\/p>\n<ul>\n<li>p\u0159\u00edprava dokumentace k\u00a0ve\u0159ejn\u00fdm zak\u00e1zk\u00e1m<\/li>\n<li>pr\u00e1vn\u00ed podpora uchaze\u010d\u016f o ve\u0159ejn\u00e9 zak\u00e1zky<\/li>\n<li>pr\u00e1vn\u00ed poradenstv\u00ed pro zadavatele ve\u0159ejn\u00fdch zak\u00e1zek a zastoupen\u00ed zadavatel\u016f v\u00a0zad\u00e1vac\u00edm \u0159\u00edzen\u00ed<\/li>\n<\/ul>\n<p><span style=\"color: #284995;\"><strong><a style=\"color: #284995;\" href=\"https:\/\/www.lukeslegal.cz\/index.php\/nase-sluzby\/\">Zp\u011bt na Na\u0161e slu\u017eby<\/a><\/strong><\/span><\/p>\n","protected":false},"excerpt":{"rendered":"<p>Poradenstv\u00ed ve v\u011bci zad\u00e1vac\u00edch \u0159\u00edzen\u00edch podle z\u00e1kona o zad\u00e1v\u00e1n\u00ed ve\u0159ejn\u00fdch zak\u00e1zek pro zadavatele i dodavatele.<\/p>\n","protected":false},"author":1,"featured_media":593,"parent":9,"menu_order":8,"comment_status":"closed","ping_status":"closed","template":"page-templates\/full-width-page.php","meta":[],"yst_prominent_words":[],"_links":{"self":[{"href":"https:\/\/www.lukeslegal.cz\/index.php\/wp-json\/wp\/v2\/pages\/73"}],"collection":[{"href":"https:\/\/www.lukeslegal.cz\/index.php\/wp-json\/wp\/v2\/pages"}],"about":[{"href":"https:\/\/www.lukeslegal.cz\/index.php\/wp-json\/wp\/v2\/types\/page"}],"author":[{"embeddable":true,"href":"https:\/\/www.lukeslegal.cz\/index.php\/wp-json\/wp\/v2\/users\/1"}],"replies":[{"embeddable":true,"href":"https:\/\/www.lukeslegal.cz\/index.php\/wp-json\/wp\/v2\/comments?post=73"}],"version-history":[{"count":11,"href":"https:\/\/www.lukeslegal.cz\/index.php\/wp-json\/wp\/v2\/pages\/73\/revisions"}],"predecessor-version":[{"id":620,"href":"https:\/\/www.lukeslegal.cz\/index.php\/wp-json\/wp\/v2\/pages\/73\/revisions\/620"}],"up":[{"embeddable":true,"href":"https:\/\/www.lukeslegal.cz\/index.php\/wp-json\/wp\/v2\/pages\/9"}],"wp:featuredmedia":[{"embeddable":true,"href":"https:\/\/www.lukeslegal.cz\/index.php\/wp-json\/wp\/v2\/media\/593"}],"wp:attachment":[{"href":"https:\/\/www.lukeslegal.cz\/index.php\/wp-json\/wp\/v2\/media?parent=73"}],"wp:term":[{"taxonomy":"yst_prominent_words","embeddable":true,"href":"https:\/\/www.lukeslegal.cz\/index.php\/wp-json\/wp\/v2\/yst_prominent_words?post=73"}],"curies":[{"name":"wp","href":"https:\/\/api.w.org\/{rel}","templated":true}]}}