{"id":75,"date":"2018-08-05T08:52:50","date_gmt":"2018-08-05T08:52:50","guid":{"rendered":"http:\/\/www.lukeslegal.cz\/?page_id=75"},"modified":"2018-11-05T18:06:09","modified_gmt":"2018-11-05T18:06:09","slug":"hospodarska-soutez","status":"publish","type":"page","link":"https:\/\/www.lukeslegal.cz\/index.php\/nase-sluzby\/hospodarska-soutez\/","title":{"rendered":"Hospod\u00e1\u0159sk\u00e1 sout\u011b\u017e"},"content":{"rendered":"<p>Zastupov\u00e1n\u00ed ve sporech z nekal\u00e9 sout\u011b\u017ee, ochrana hospod\u00e1\u0159sk\u00e9 sout\u011b\u017ee a spojov\u00e1n\u00ed sout\u011b\u017eitel\u016f.<\/p>\n<p><!--more--><\/p>\n<p><span style=\"font-family: 'Noto Sans', sans-serif; font-size: 16px; font-style: normal; font-weight: 400;\"><span style=\"font-family: 'Noto Sans', sans-serif; font-size: 16px; font-style: normal; font-weight: 400;\">S\u00a0rostouc\u00edm po\u010dtem podnikatelsk\u00fdch subjekt\u016f se st\u00e1le \u010dast\u011bji objevuj\u00ed probl\u00e9my v\u00a0hospod\u00e1\u0159sk\u00e9 sout\u011b\u017ei, zejm\u00e9na v\u00a0podob\u011b nekal\u00e9 sout\u011b\u017ee.\u00a0<\/span><span style=\"font-family: 'Noto Sans', sans-serif; font-size: 16px; font-style: normal; font-weight: 400;\">Zajist\u011bte konzultac\u00ed s\u00a0n\u00e1mi, \u017ee Va\u0161e smlouvy nebudou obsahovat neplatn\u00e1 jako dohody naru\u0161uj\u00edc\u00ed sout\u011b\u017e a \u017ee se nebudete vystavovat zbyte\u010dn\u00fdm sankc\u00edm.<\/span>\u00a0Ot\u00e1zky spojen\u00e9 se spojov\u00e1n\u00edm sout\u011b\u017eitel\u016f \u0159e\u0161\u00edme zejm\u00e9na v\u00a0p\u0159\u00edpad\u011b f\u00faz\u00ed, koup\u011b podnik\u016f a p\u0159evod\u016f pod\u00edl\u016f.\u00a0<\/span><\/p>\n<p><span style=\"color: #284995;\">Pr\u00e1vn\u00ed slu\u017eby v t\u00e9to oblasti zahrnuj\u00ed zejm\u00e9na:<\/span><\/p>\n<ul>\n<li>kartelov\u00e9 pr\u00e1vo<\/li>\n<li>zneu\u017eit\u00ed dominantn\u00edho \u010di monopoln\u00edho postaven\u00ed na trhu<\/li>\n<li>spojov\u00e1n\u00ed sout\u011b\u017eitel\u016f<\/li>\n<li>nekal\u00e1 sout\u011b\u017e<\/li>\n<li>zastupov\u00e1n\u00ed ve sporech z\u00a0nekal\u00e9 sout\u011b\u017ee<\/li>\n<\/ul>\n<p><span style=\"color: #284995;\"><strong><a style=\"color: #284995;\" href=\"https:\/\/www.lukeslegal.cz\/index.php\/nase-sluzby\/\">Zp\u011bt na Na\u0161e slu\u017eby<\/a><\/strong><\/span><\/p>\n","protected":false},"excerpt":{"rendered":"<p>Zastupov\u00e1n\u00ed ve sporech z nekal\u00e9 sout\u011b\u017ee, ochrana hospod\u00e1\u0159sk\u00e9 sout\u011b\u017ee a spojov\u00e1n\u00ed sout\u011b\u017eitel\u016f.<\/p>\n","protected":false},"author":1,"featured_media":581,"parent":9,"menu_order":9,"comment_status":"closed","ping_status":"closed","template":"page-templates\/full-width-page.php","meta":[],"yst_prominent_words":[],"_links":{"self":[{"href":"https:\/\/www.lukeslegal.cz\/index.php\/wp-json\/wp\/v2\/pages\/75"}],"collection":[{"href":"https:\/\/www.lukeslegal.cz\/index.php\/wp-json\/wp\/v2\/pages"}],"about":[{"href":"https:\/\/www.lukeslegal.cz\/index.php\/wp-json\/wp\/v2\/types\/page"}],"author":[{"embeddable":true,"href":"https:\/\/www.lukeslegal.cz\/index.php\/wp-json\/wp\/v2\/users\/1"}],"replies":[{"embeddable":true,"href":"https:\/\/www.lukeslegal.cz\/index.php\/wp-json\/wp\/v2\/comments?post=75"}],"version-history":[{"count":11,"href":"https:\/\/www.lukeslegal.cz\/index.php\/wp-json\/wp\/v2\/pages\/75\/revisions"}],"predecessor-version":[{"id":621,"href":"https:\/\/www.lukeslegal.cz\/index.php\/wp-json\/wp\/v2\/pages\/75\/revisions\/621"}],"up":[{"embeddable":true,"href":"https:\/\/www.lukeslegal.cz\/index.php\/wp-json\/wp\/v2\/pages\/9"}],"wp:featuredmedia":[{"embeddable":true,"href":"https:\/\/www.lukeslegal.cz\/index.php\/wp-json\/wp\/v2\/media\/581"}],"wp:attachment":[{"href":"https:\/\/www.lukeslegal.cz\/index.php\/wp-json\/wp\/v2\/media?parent=75"}],"wp:term":[{"taxonomy":"yst_prominent_words","embeddable":true,"href":"https:\/\/www.lukeslegal.cz\/index.php\/wp-json\/wp\/v2\/yst_prominent_words?post=75"}],"curies":[{"name":"wp","href":"https:\/\/api.w.org\/{rel}","templated":true}]}}