{"id":77,"date":"2018-08-05T08:53:15","date_gmt":"2018-08-05T08:53:15","guid":{"rendered":"http:\/\/www.lukeslegal.cz\/?page_id=77"},"modified":"2018-11-05T18:04:55","modified_gmt":"2018-11-05T18:04:55","slug":"dusevni-vlastnictvi-a-it","status":"publish","type":"page","link":"https:\/\/www.lukeslegal.cz\/index.php\/nase-sluzby\/dusevni-vlastnictvi-a-it\/","title":{"rendered":"Du\u0161evn\u00ed vlastnictv\u00ed a IT"},"content":{"rendered":"<p>Pr\u00e1vo pr\u016fmyslov\u00e9ho vlastnictv\u00ed, poradenstv\u00ed ve v\u011bci autorsk\u00e9ho z\u00e1kona a pr\u00e1vo informa\u010dn\u00edch technologi\u00ed.<\/p>\n<p><!--more--><\/p>\n<p><span style=\"font-family: 'Noto Sans', sans-serif; font-size: 16px; font-style: normal; font-weight: 400;\"><span style=\"font-family: 'Noto Sans', sans-serif; font-size: 16px; font-style: normal; font-weight: 400;\">M\u00e1me bohat\u00e9 zku\u0161enosti s\u00a0prac\u00ed pro dodavatele informa\u010dn\u00edch technologi\u00ed. Vyu\u017eijte jich a a\u0165 dod\u00e1v\u00e1te hardware, software nebo velk\u00e9 informa\u010dn\u00ed syst\u00e9my, pom\u016f\u017eeme V\u00e1m se zorientovat v\u00a0t\u00e9to specifick\u00e9 pr\u00e1vn\u00ed oblasti a \u00fasp\u011b\u0161n\u011b zvl\u00e1dnout jak\u00fdkoliv IT projekt.\u00a0<\/span>Pokud m\u00e1te spor ohledn\u011b pr\u016fmyslov\u00e9ho vlastnictv\u00ed, pot\u0159ebujete zaregistrovat ochrannou zn\u00e1mku nebo \u0159e\u0161it z\u00e1le\u017eitosti t\u00fdkaj\u00edc\u00ed se autorsk\u00fdch pr\u00e1v, jsme tu pro V\u00e1s.<\/span><\/p>\n<p><span style=\"color: #284995;\">Pr\u00e1vn\u00ed slu\u017eby v t\u00e9to oblasti zahrnuj\u00ed zejm\u00e9na:<\/span><\/p>\n<ul>\n<li>pr\u00e1vn\u00ed podpora dodavatel\u016f IT, p\u0159\u00edprava a revize licen\u010dn\u00edch smluv, smluv o dod\u00e1vk\u00e1ch software<\/li>\n<li>pr\u00e1vn\u00ed poradenstv\u00ed t\u00fdkaj\u00edc\u00ed se ochrann\u00fdch zn\u00e1mek a jin\u00fdch pr\u00e1v pr\u016fmyslov\u00e9ho vlastnictv\u00ed<\/li>\n<li>autorsk\u00e9 pr\u00e1vo<\/li>\n<\/ul>\n<p><strong><a href=\"https:\/\/www.lukeslegal.cz\/index.php\/nase-sluzby\/\"><span style=\"color: #284995;\">Zp\u011bt na Na\u0161e slu\u017eby<\/span><\/a><\/strong><\/p>\n","protected":false},"excerpt":{"rendered":"<p>Pr\u00e1vo pr\u016fmyslov\u00e9ho vlastnictv\u00ed, poradenstv\u00ed ve v\u011bci autorsk\u00e9ho z\u00e1kona a pr\u00e1vo informa\u010dn\u00edch technologi\u00ed.<\/p>\n","protected":false},"author":1,"featured_media":579,"parent":9,"menu_order":4,"comment_status":"closed","ping_status":"closed","template":"page-templates\/full-width-page.php","meta":[],"yst_prominent_words":[],"_links":{"self":[{"href":"https:\/\/www.lukeslegal.cz\/index.php\/wp-json\/wp\/v2\/pages\/77"}],"collection":[{"href":"https:\/\/www.lukeslegal.cz\/index.php\/wp-json\/wp\/v2\/pages"}],"about":[{"href":"https:\/\/www.lukeslegal.cz\/index.php\/wp-json\/wp\/v2\/types\/page"}],"author":[{"embeddable":true,"href":"https:\/\/www.lukeslegal.cz\/index.php\/wp-json\/wp\/v2\/users\/1"}],"replies":[{"embeddable":true,"href":"https:\/\/www.lukeslegal.cz\/index.php\/wp-json\/wp\/v2\/comments?post=77"}],"version-history":[{"count":11,"href":"https:\/\/www.lukeslegal.cz\/index.php\/wp-json\/wp\/v2\/pages\/77\/revisions"}],"predecessor-version":[{"id":616,"href":"https:\/\/www.lukeslegal.cz\/index.php\/wp-json\/wp\/v2\/pages\/77\/revisions\/616"}],"up":[{"embeddable":true,"href":"https:\/\/www.lukeslegal.cz\/index.php\/wp-json\/wp\/v2\/pages\/9"}],"wp:featuredmedia":[{"embeddable":true,"href":"https:\/\/www.lukeslegal.cz\/index.php\/wp-json\/wp\/v2\/media\/579"}],"wp:attachment":[{"href":"https:\/\/www.lukeslegal.cz\/index.php\/wp-json\/wp\/v2\/media?parent=77"}],"wp:term":[{"taxonomy":"yst_prominent_words","embeddable":true,"href":"https:\/\/www.lukeslegal.cz\/index.php\/wp-json\/wp\/v2\/yst_prominent_words?post=77"}],"curies":[{"name":"wp","href":"https:\/\/api.w.org\/{rel}","templated":true}]}}