{"id":9,"date":"2018-08-03T07:30:11","date_gmt":"2018-08-03T07:30:11","guid":{"rendered":"http:\/\/www.lukeslegal.cz\/?page_id=9"},"modified":"2018-11-03T16:24:00","modified_gmt":"2018-11-03T16:24:00","slug":"nase-sluzby","status":"publish","type":"page","link":"https:\/\/www.lukeslegal.cz\/index.php\/nase-sluzby\/","title":{"rendered":"Na\u0161e slu\u017eby"},"content":{"rendered":"<p><span style=\"color: #284995;\"><strong>V oblastech na\u0161\u00ed specializace poskytujeme komplexn\u00ed pr\u00e1vn\u00ed poradenstv\u00ed p\u0159izp\u016fsoben\u00e9 Va\u0161im pot\u0159eb\u00e1m.<\/strong><\/span><\/p>\n","protected":false},"excerpt":{"rendered":"<p>V oblastech na\u0161\u00ed specializace poskytujeme komplexn\u00ed pr\u00e1vn\u00ed poradenstv\u00ed p\u0159izp\u016fsoben\u00e9 Va\u0161im pot\u0159eb\u00e1m.<\/p>\n","protected":false},"author":1,"featured_media":585,"parent":0,"menu_order":0,"comment_status":"closed","ping_status":"closed","template":"page-templates\/grid-page.php","meta":[],"yst_prominent_words":[],"_links":{"self":[{"href":"https:\/\/www.lukeslegal.cz\/index.php\/wp-json\/wp\/v2\/pages\/9"}],"collection":[{"href":"https:\/\/www.lukeslegal.cz\/index.php\/wp-json\/wp\/v2\/pages"}],"about":[{"href":"https:\/\/www.lukeslegal.cz\/index.php\/wp-json\/wp\/v2\/types\/page"}],"author":[{"embeddable":true,"href":"https:\/\/www.lukeslegal.cz\/index.php\/wp-json\/wp\/v2\/users\/1"}],"replies":[{"embeddable":true,"href":"https:\/\/www.lukeslegal.cz\/index.php\/wp-json\/wp\/v2\/comments?post=9"}],"version-history":[{"count":15,"href":"https:\/\/www.lukeslegal.cz\/index.php\/wp-json\/wp\/v2\/pages\/9\/revisions"}],"predecessor-version":[{"id":386,"href":"https:\/\/www.lukeslegal.cz\/index.php\/wp-json\/wp\/v2\/pages\/9\/revisions\/386"}],"wp:featuredmedia":[{"embeddable":true,"href":"https:\/\/www.lukeslegal.cz\/index.php\/wp-json\/wp\/v2\/media\/585"}],"wp:attachment":[{"href":"https:\/\/www.lukeslegal.cz\/index.php\/wp-json\/wp\/v2\/media?parent=9"}],"wp:term":[{"taxonomy":"yst_prominent_words","embeddable":true,"href":"https:\/\/www.lukeslegal.cz\/index.php\/wp-json\/wp\/v2\/yst_prominent_words?post=9"}],"curies":[{"name":"wp","href":"https:\/\/api.w.org\/{rel}","templated":true}]}}